rue
Is 168139183 a composite number?
False
Is 65839603 composite?
False
Is 85976357 prime?
True
Is 1680439 a composite number?
False
Is 1422901 a prime number?
False
Is 3447295 a composite number?
True
Is 32987767 composite?
False
Is 3791899 a composite number?
False
Is 268379 prime?
False
Is 2520073 composite?
False
Is 645312427 a prime number?
False
Is 200582 a prime number?
False
Is 68917483 a composite number?
True
Is 300479 a prime number?
False
Is 1645441841 a composite number?
False
Is 47723867 prime?
True
Is 83676091 a prime number?
False
Is 474679 composite?
True
Is 123373 prime?
True
Is 4534187 composite?
True
Is 20489411 a prime number?
False
Is 157657681 a prime number?
True
Is 55061983 a prime number?
False
Is 49902199 prime?
True
Is 1042241 a prime number?
True
Is 95350223 a prime number?
True
Is 5682247 prime?
False
Is 347941354 a prime number?
False
Is 13022359 composite?
True
Is 1585279 a prime number?
True
Is 2054579 a prime number?
True
Is 1688443 composite?
False
Is 316852567 a prime number?
False
Is 290893 a composite number?
True
Is 45015557 a prime number?
True
Is 4133327 a composite number?
True
Is 165750626 composite?
True
Is 428798 composite?
True
Is 26242267 a composite number?
True
Is 247361753 prime?
False
Is 9005807 a composite number?
True
Is 3417241 a prime number?
False
Is 31658701 a composite number?
False
Is 115005049 a prime number?
False
Is 49649569 a composite number?
True
Is 5957519 composite?
True
Is 4966243 composite?
False
Is 6926501 a prime number?
True
Is 4725221 prime?
True
Is 17417539 prime?
False
Is 5353653 composite?
True
Is 142829 prime?
False
Is 6468547 a prime number?
False
Is 88877381 prime?
False
Is 16105909 prime?
True
Is 27196031 composite?
True
Is 3422917 composite?
False
Is 6136309 prime?
True
Is 166441423 a prime number?
False
Is 57105877 a prime number?
True
Is 444229 a composite number?
True
Is 641533363 a prime number?
True
Is 19570821 a composite number?
True
Is 7869185 composite?
True
Is 1158769 a composite number?
False
Is 83126671 composite?
True
Is 42109547 prime?
True
Is 54883963 prime?
True
Is 110122211 composite?
False
Is 1162673 a prime number?
False
Is 932272201 prime?
False
Is 134183099 prime?
True
Is 1059697 prime?
True
Is 160729 a composite number?
True
Is 12712429 a prime number?
True
Is 31936339 prime?
True
Is 4444381 composite?
False
Is 3910873 prime?
False
Is 83010293 a composite number?
False
Is 6016055 a composite number?
True
Is 34960127 a composite number?
False
Is 854788931 a composite number?
True
Is 697349459 prime?
False
Is 496211 composite?
False
Is 3209257 prime?
True
Is 21611251 composite?
False
Is 87138703 a composite number?
True
Is 9861973 prime?
False
Is 43075867 prime?
False
Is 47406187 a prime number?
True
Is 19910311 a composite number?
False
Is 3793747 a prime number?
True
Is 605959 a prime number?
False
Is 281656783 a composite number?
True
Is 1315973 prime?
False
Is 3016371 a composite number?
True
Is 5888873 a composite number?
False
Is 1033693 composite?
False
Is 28027367 composite?
False
Is 93944677 prime?
False
Is 4901471 prime?
True
Is 80478611 prime?
True
Is 19950467 prime?
True
Is 94425949 a composite number?
True
Is 865941 composite?
True
Is 9897763 composite?
True
Is 27854149 a prime number?
True
Is 7594963 composite?
True
Is 22790351 a composite number?
False
Is 27337015 composite?
True
Is 120067723 a composite number?
False
Is 68097271 composite?
True
Is 707813 composite?
False
Is 11056153 a prime number?
False
Is 2284577 prime?
False
Is 5612443 prime?
False
Is 1082040341 a prime number?
True
Is 104901767 composite?
False
Is 3441727 a prime number?
True
Is 2483843 composite?
True
Is 46310587 a composite number?
False
Is 88440281 composite?
False
Is 135929 a composite number?
False
Is 1289501 a prime number?
False
Is 5037297 composite?
True
Is 192249697 prime?
False
Is 79466 composite?
True
Is 22533083 prime?
True
Is 1098929 a composite number?
True
Is 1156847 a composite number?
False
Is 79028569 prime?
True
Is 1172881 a prime number?
False
Is 134359733 a prime number?
True
Is 5179507 a prime number?
True
Is 48105311 a composite number?
False
Is 9085891 a composite number?
False
Is 394395821 a composite number?
False
Is 437909 prime?
True
Is 26731097 a composite number?
False
Is 17123731 composite?
True
Is 1497949 a composite number?
False
Is 5469463 a prime number?
True
Is 57343637 composite?
True
Is 164137061 composite?
True
Is 236053289 prime?
True
Is 34778117 prime?
False
Is 73694447 a prime number?
True
Is 54366101 a composite number?
False
Is 33607661 a prime number?
False
Is 87526601 a prime number?
True
Is 1300151631 a composite number?
True
Is 69047333 composite?
False
Is 258373 a prime number?
True
Is 451909097 composite?
False
Is 98567 a prime number?
False
Is 123576451 prime?
False
Is 1148207 prime?
False
Is 874151 a prime number?
True
Is 106199563 a prime number?
False
Is 826907 a composite number?
False
Is 28939063 a prime number?
True
Is 6084361 a composite number?
False
Is 515819 a prime number?
False
Is 1412963 a prime number?
False
Is 1214311 a prime number?
False
Is 110284289 a composite number?
True
Is 33016007 composite?
True
Is 18047077 a composite number?
True
Is 56095207 a composite number?
True
Is 25104577 a composite number?
True
Is 4945579 composite?
False
Is 1046443 a composite number?
True
Is 10119509 composite?
True
Is 29147479 composite?
True
Is 156717791 prime?
False
Is 18889837 a prime number?
True
Is 7391347 a composite number?
True
Is 1012481 a prime number?
True
Is 2430523 a prime number?
True
Is 300700201 a composite number?
False
Is 2659001 prime?
True
Is 1228081 composite?
True
Is 10928761 prime?
True
Is 55513291 a prime number?
True
Is 85176419 prime?
True
Is 4926469 prime?
True
Is 4849094 prime?
False
Is 650701 a prime number?
True
Is 1832087 composite?
True
Is 2610701 a prime number?
True
Is 5245699 composite?
True
Is 308048501 prime?
False
Is 1230329 prime?
True
Is 3230441 a composite number?
False
Is 4263257 prime?
False
Is 357576169 a prime number?
False
Is 12986081 a prime number?
True
Is 163532359 a prime number?
False
Is 409812617 a prime number?
False
Is 629021087 composite?
True
Is 53187691 prime?
False
Is 20006321 composite?
True
Is 949019 composite?
False
Is 3431951 a prime number?
False
Is 5073043 composite?
True
Is 45801779 prime?
True
Is 20829541 composite?
False
Is 33121901 prime?
True
Is 8000561 prime?
True
Is 874387 a composite number?
False
Is 12718157 a composite number?
False
Is 721451 composite?
False
Is 1207399 prime?
False
Is 2832209 prime?
False
Is 591257 composite?
True
Is 3550351 prime?
False
Is 272554937 composite?
True
Is 16399247 composite?
False
Is 103700837 composite?
False
Is 2946633 a prime number?
False
Is 3369401 composite?
True
Is 9553667 prime?
True
Is 587579 composite?
False
Is 2389489 prime?
False
Is 1765087541 prime?
False
Is 10090631 prime?
True
Is 2646353 prime?
True
Is 89381557 a prime number?
True
Is 1030619 a prime number?
True
Is 192888407 a composite number?
True
Is 7833261 a composite number?
True
Is 1909639 a prime number?
False
Is 6561689 prime?
False
Is 62122969 a composite number?
True
Is 2142617 prime?
False
Is 1520449 a composite number?
True
Is 2388797 a composite number?
False
Is 212516039 prime?
False
Is 279744347 a prime number?
True
Is 486378743 a prime number?
True
Is 130769 a composite number?
False
Is 83861599 a composite number?
False
Is 15036937 prime?
False
Is 39118309 a prime number?
False
Is 10215787 a prime number?
False
Is 2420186 composite?
True
Is 37839671 composite?
True
Is 33636689 composite?
False
Is 166863197 composite?
True
Is 714783 a prime number?
False
Is 148707371 composite?
True
Is 5855233 composite?
False
Is 6714221 a prime number?
True
Is 6986571 prime?
False
Is 4631399 a prime number?
True
Is 611057 prime?
True
Is 930931 prime?
True
Is 1133533 composite?
False
Is 82461059 a prime number?
True
Is 2100121 prime?
True
Is 713051 prime?
False
Is 173011 a composite number?
True
Is 5694517 prime?
True
Is 16206265 a composite number?
True
Is 150959 a prime number?
True
Is 13038947 a prime number?
True
Is 370646207 a composite number?
False
Is 147261371 a composite number?
False
Is 110604367 prime?
False
Is 4351463 c